= -1412022, 0 = -5*d - l + 2062803. Is d a prime number?
True
Suppose 381*k - 108808 = 225329. Is k prime?
True
Let p = 482 - 446. Suppose p*j = 42*j - 179076. Is j a composite number?
True
Let d(i) = -i + 18. Let f be (-42)/4*-1*4/7. Let s be d(f). Suppose -24290 = -s*c + 2*c. Is c prime?
False
Let o = 792517 + -553658. Is o prime?
True
Let c be 5/(-5)*-8042*1/2. Suppose 7*m - 21234 = -c. Is m composite?
False
Suppose 14*y - 15*y = -24. Is 51964/y + (-7)/42 a composite number?
True
Let c = 37885 - 20198. Is c composite?
True
Let r = -251 - -706. Let t = -360 - r. Let i = t + 1762. Is i prime?
True
Let a(h) = 2*h**2 - 8*h + 5. Let y be 3/((-45)/2) - (-1178)/285. Let k be a(y). Suppose 0 = k*f - q - 0*q - 3343, -5*q - 1328 = -2*f. Is f composite?
True
Suppose 3*n = 9, -c - 3*n = -4*n + 3. Suppose c = -0*u + u - 1259. Is u a prime number?
True
Let l be (-1326)/(-117) + 7/(-3). Let p(o) = 100*o**2 - 54*o - 11. Is p(l) prime?
True
Let r be 17*(4/14 - (-74)/(-14)). Let y = 87 + r. Suppose -3*w + o + 953 = -3*o, y*o - 977 = -3*w. Is w composite?
True
Let l = -356040 + 635621. Is l a prime number?
False
Let z(i) = 113*i**3 - 4*i - 3. Let r be z(-2). Let o = r - -1597. Suppose -9*y + 391 + o = 0. Is y prime?
False
Suppose 21*x - 12*x = 36. Suppose x*b = 2*h - 636, -1259 = -h - 3*h - 5*b. Let a = 770 - h. Is a a prime number?
False
Let y = -221 - -225. Suppose 0 = 4*t + 4*g - 8652, 0*g = g - y. Is t prime?
False
Let s(n) = -784*n + 9. Let a = -35 + 44. Suppose -a*t - 26 = 1. Is s(t) composite?
True
Suppose 0 = -5*r + 159 - 44. Suppose r*x + 818 = 25*x. Is x prime?
True
Let p(v) = 48*v**2 + 23*v + 84. Is p(47) a prime number?
True
Let x = 34294 + -14481. Is x a composite number?
False
Is (-19793205)/(-30) - ((-220)/(-8))/11 a prime number?
False
Suppose -k - 47 = -5*k + 5*f, 3*f = 4*k - 41. Suppose k*u + 185170 = 18*u. Is u composite?
False
Suppose 6 = -3*v, -4*a + 0*v + 254 = -v. Let m = 63 - a. Suppose 2*k - 374 - 72 = m. Is k composite?
False
Let h be (-9770)/(-150) + (-2)/15. Let m = -59 + h. Is (272/m + -2)*36 + 1 a composite number?
True
Let g be ((-3459)/15)/(15/(-975)). Suppose -4*k - 4*a + g = -k, a = -5. Is k a composite number?
False
Suppose -19*k = 33*k - 1062256. Let t = 25 + -18. Suppose -t*a + 3043 = -k. Is a a composite number?
True
Let m(t) = 430*t**3 - 32*t**2 + 168*t - 21. Is m(7) prime?
False
Let w(o) = -o**2 + 8*o + 4. Let r be w(8). Suppose -18 = -2*z + z + r*u, -3*z = 4*u - 70. Let a = z + 13. Is a prime?
False
Let c = 40405 + -25436. Is c composite?
False
Let k be 774978/12 + (-4 - 20/(-8)). Suppose 4*c + 64580 = -9*g + 13*g, k = 4*g - c. Is g composite?
True
Let o(p) = 36*p**3 - 3*p**2 - p + 3. Suppose 15 + 7 = m - 3*i, 3*i - 13 = -4*m. Is o(m) a prime number?
True
Let i = 447715 - -663327. Is i prime?
False
Suppose -5651037 - 21397700 = -233*r. Is r a composite number?
False
Let g(p) be the second derivative of 0 + 6*p + 0*p**3 + 3*p**2 - 1/20*p**5 - 1/12*p**4. Is g(0) a prime number?
False
Suppose -34*n + 43*n - 36 = 0. Suppose 0 = -5*w - 3*j + 525, 6*w + 2*j - 422 = 2*w. Is n + (w - (0 - -1)) prime?
False
Suppose -2*g + 5*r = 6012 + 3442, -2*g - 3*r = 9470. Let d = 13019 + g. Is d a composite number?
False
Suppose -16*d + 53976 = -19*d. Let z = -8681 - d. Is z a composite number?
False
Let u(i) = -77*i**2 - 23*i + 7. Let k(p) = -79*p**2 - 23*p + 7. Let d(v) = -6*k(v) + 5*u(v). Is d(5) a prime number?
True
Let s be (568 + 3 + -2 + -5)/1. Suppose 2*q = 3*l - s + 6098, 8335 = 3*q + 4*l. Is q a composite number?
True
Let x(r) = -r**3 + 23*r**2 + 22*r + 44. Let b be x(24). Let z be -3*(b - (44 - 4)). Is z/8*(-2 - (-2400)/9) composite?
True
Is 47/((-1269)/(-567)) - -103520 a composite number?
True
Let n = -572730 + 981233. Is n composite?
True
Let q(v) = 25*v**2 - 83*v + 1145. Is q(16) a prime number?
True
Suppose -d - 3*f + 1461293 = -6*f, 3*d - 4383915 = 3*f. Is d a prime number?
True
Suppose 2209 = v - 2*f - 2231, 0 = 3*v - 3*f - 13332. Let b = 468 + v. Suppose -4*l + 4*j = -b, -4*j = -j + 6. Is l composite?
True
Suppose 81*m - 230*m - 53*m + 189306118 = 0. Is m prime?
False
Let n(d) = 459*d**2 + 24*d + 121. Suppose 4 = -4*o + 4*m, -25*m + 30*m = -15. Is n(o) prime?
True
Let c be ((-31)/3 - -8)/(1/(-3)). Suppose c*m = 24570 - 2849. Is m prime?
False
Let s(i) = 912*i + 263. Let m be s(-38). Let l = m + 66210. Is l a prime number?
True
Let n be ((-33)/(-2) - (6 + -7))*228. Suppose -4*s = -n - 23590. Suppose -7*w = -21588 + s. Is w a prime number?
True
Let h = 11008 + 2743. Is h a composite number?
False
Suppose 562 = -4*f - 230. Suppose 0 = -4*i - 2*l + 1810, 5*l + 4 - 19 = 0. Let x = i + f. Is x composite?
True
Let p be 299/1 + -3 + -4. Suppose 2*t - p = 3*d, -2*d - 449 = -3*t - 3*d. Is t prime?
True
Let r(m) = 4965*m - 5977. Is r(84) a composite number?
False
Suppose 4*m = -5*g - 99, -3*m + 3*g - 34 - 20 = 0. Suppose -x + 4*a = 296, x + 171 + 107 = -2*a. Let r = m - x. Is r prime?
True
Suppose 9*q - 12278 = -5*q. Suppose -l + q + 380 = 0. Suppose -1125 = -6*g + l. Is g prime?
True
Suppose 5*p + 28842 = -128033. Let i = 66402 + p. Is i a composite number?
False
Let f = -10 - 195. Let z = f - -577. Let c = z - 193. Is c composite?
False
Suppose 29 = 5*r + 4. Suppose r*p - 9*p = 4. Is -1151*p/(4/4) a prime number?
True
Let j(i) = -10928*i**3 + 24*i**2 + 54*i - 73. Is j(-4) composite?
True
Let j = -255 + 401. Suppose -j*h - 9795 = -149*h. Is h composite?
True
Let w be (-16)/(4 - 0)*-1. Suppose 0*a = w*a - 1044. Suppose 0*b - 3*b + a = 0. Is b composite?
True
Let t = 9482 + -6358. Let x = 7815 - t. Is x a prime number?
True
Let s(a) = -27*a - 10. Suppose 5*p = 5*n - 35, -5*p - 5*n - 6 = -1. Let r be s(p). Let w = 435 - r. Is w a prime number?
True
Let r(b) = b**2 + 4*b + 7. Let q be r(-4). Let m be (q - 4)*4/(-3). Is (-6963)/(-11) + 2 + m composite?
False
Suppose 0*f + 51979 = 4*f - 3*k, f = 2*k + 13001. Suppose -f = -b - 3*d, -2*d + 10669 + 2318 = b. Is b prime?
True
Let y be 3/(-2)*(-41372)/3. Suppose 1120 = -18*q + y. Is q prime?
True
Let c = 240 - 236. Suppose -j - 4202 = -3*y, -507 = y - c*j - 1926. Is y a prime number?
True
Suppose 7697 = 11*p - 16404. Let h = p + -1551. Suppose -2*v = -2*y - h, -8*v - y + 322 = -7*v. Is v a composite number?
True
Let n be (-50)/(-18) + -3 + 49508/36. Let k = 2364 - n. Is k prime?
False
Suppose 23*h - 19*h = 68928. Is h/7 + 24/84 composite?
True
Let o(y) = 8153*y - 5. Is o(2) composite?
False
Let y be (0 - -2)/1 + -229. Let k be 1/7 - 5585/(-7). Let u = k + y. Is u a prime number?
True
Let k(c) = c**2 + 18*c - 60. Let a be k(-21). Suppose -4*q - 8802 = -4*p + q, -a*p - q = -6611. Is p prime?
True
Let q = 3025 - -799. Is q/12*3 + (6 - 3) a prime number?
False
Let d(k) = 19*k**2 - 9*k + 8. Let z be d(3). Let b = z + 185. Is b prime?
True
Let f(r) = r**3 - 19*r**2 + 65*r - 70. Is f(25) a prime number?
False
Suppose -93*j = -5*c - 89*j + 38561, 24 = 4*j. Is c a composite number?
False
Let o be -4*(3/6 - 4). Is 9285/9 - o/21 prime?
True
Suppose 31*x - 540819 = -197636 + 4037086. Is x composite?
True
Suppose 0 = 112*f - 111*f + 2737. Is 38/76 - f/2 composite?
True
Let w = -540 - -596. Let a = 6 + 103. Let c = a - w. Is c prime?
True
Suppose 58*b - 51*b - 191002 = 0. Suppose 26*o = 12*o + b. Is o composite?
False
Let i be (-4)/((-8)/(-9)) - (-3)/2. Let g be (-24)/(-16)*(-1 + 7)/i. Is (1 + -3 - (-16302)/11) + g a composite number?
True
Let s(d) = 3*d - 2*d + 0*d + 3. Let y be s(18). Let n(z) = -z**2 + 28*z - 8. Is n(y) a composite number?
False
Suppose j + 114889 = y, 2*j = -3*y - 3*j + 344619. Is y prime?
True
Let z(r) = -25*r + 63*r**3 + 2*r**2 + 40*r**3 + 10*r**2 - 7 - 102*r**3. Let x be 1 + (-2 - 8) - 3. Is z(x) a composite number?
False
Suppose 3*o = -3*w + 1831209, o - 3666987 + 614948 = -5*w. Is w a composite number?
False
Suppose 4*k - 5*m - 199858 = 0, -402*k - 199822 = -406*k - m. Is k composite?
False
Let i(s) = 2*s - 61. Let n be i(36). Suppose -n*o + 9*o + 5794 = 0. Is o prime?
True
Let w(s) = -s**3 - 3*s**2 + s + 146. Let z be w(0). Let y = z + -3. Is y composite?
True
Let v be 5 + 0 + (-3 - (-12996)/4). Suppose -15*g - v = -16*g. Is g prime?
True
Let w(t) be the third derivative of t**6/120 - t**5/6 + 3*t**4/8 + t**3/6 + 21*t**2. Let j be w(9). Is (3 + -3 - -293)/(0 + j) a prime num